{"id":2,"date":"2015-10-26T15:33:54","date_gmt":"2015-10-26T15:33:54","guid":{"rendered":"http:\/\/localhost:24475\/?page_id=2"},"modified":"2018-03-29T16:11:21","modified_gmt":"2018-03-29T16:11:21","slug":"pagina-ejemplo","status":"publish","type":"page","link":"https:\/\/www.ginursa.com.mx\/","title":{"rendered":"Inicio"},"content":{"rendered":"<div tabindex=\"0\" class=\"cycloneslider cycloneslider-template-standard cycloneslider-width-responsive\" id=\"cycloneslider-ginursa-1\" style=\"max-width:1300px\" > <div class=\"cycloneslider-slides cycle-slideshow\" data-cycle-allow-wrap=\"true\" data-cycle-dynamic-height=\"off\" data-cycle-auto-height=\"1300:550\" data-cycle-auto-height-easing=\"null\" data-cycle-auto-height-speed=\"250\" data-cycle-delay=\"0\" data-cycle-easing=\"\" data-cycle-fx=\"fade\" data-cycle-hide-non-active=\"true\" data-cycle-log=\"false\" data-cycle-next=\"#cycloneslider-ginursa-1 .cycloneslider-next\" data-cycle-pager=\"#cycloneslider-ginursa-1 .cycloneslider-pager\" data-cycle-pause-on-hover=\"false\" data-cycle-prev=\"#cycloneslider-ginursa-1 .cycloneslider-prev\" data-cycle-slides=\"&gt; div\" data-cycle-speed=\"1000\" data-cycle-swipe=\"false\" data-cycle-tile-count=\"7\" data-cycle-tile-delay=\"100\" data-cycle-tile-vertical=\"true\" data-cycle-timeout=\"1500\" > <div class=\"cycloneslider-slide cycloneslider-slide-image\" > <img src=\"https:\/\/www.ginursa.com.mx\/wp-content\/uploads\/2015\/11\/37.jpg\" alt=\"\" title=\"\" \/> <\/div> <div class=\"cycloneslider-slide cycloneslider-slide-image\" > <img src=\"https:\/\/www.ginursa.com.mx\/wp-content\/uploads\/2018\/02\/WhatsApp-Image-2018-01-31-at-2.31.01-PM-1.jpeg\" alt=\"\" title=\"\" \/> <\/div> <div class=\"cycloneslider-slide cycloneslider-slide-image\" > <img src=\"https:\/\/www.ginursa.com.mx\/wp-content\/uploads\/2015\/11\/DSC05287.jpg\" alt=\"\" title=\"\" \/> <\/div> <div class=\"cycloneslider-slide cycloneslider-slide-image\" > <img src=\"https:\/\/www.ginursa.com.mx\/wp-content\/uploads\/2015\/11\/IMG_2465.jpg\" alt=\"\" title=\"\" \/> <\/div> <div class=\"cycloneslider-slide cycloneslider-slide-image\" > <img src=\"https:\/\/www.ginursa.com.mx\/wp-content\/uploads\/2015\/11\/DSCN7703.png\" alt=\"\" title=\"\" \/> <\/div> <div class=\"cycloneslider-slide cycloneslider-slide-image\" > <img src=\"https:\/\/www.ginursa.com.mx\/wp-content\/uploads\/2015\/11\/6.jpg\" alt=\"\" title=\"\" \/> <\/div> <div class=\"cycloneslider-slide cycloneslider-slide-image\" > <img src=\"https:\/\/www.ginursa.com.mx\/wp-content\/uploads\/2015\/11\/41.jpg\" alt=\"\" title=\"\" \/> <\/div> <div class=\"cycloneslider-slide cycloneslider-slide-image\" > <img src=\"https:\/\/www.ginursa.com.mx\/wp-content\/uploads\/2015\/11\/61.jpg\" alt=\"\" title=\"\" \/> <\/div> <div class=\"cycloneslider-slide cycloneslider-slide-image\" > <img src=\"https:\/\/www.ginursa.com.mx\/wp-content\/uploads\/2016\/01\/DSC006641.jpg\" alt=\"\" title=\"\" \/> <\/div> <div class=\"cycloneslider-slide cycloneslider-slide-image\" > <img src=\"https:\/\/www.ginursa.com.mx\/wp-content\/uploads\/2015\/11\/HPIM0361.jpg\" alt=\"\" title=\"\" \/> <\/div> <div class=\"cycloneslider-slide cycloneslider-slide-image\" > <img src=\"https:\/\/www.ginursa.com.mx\/wp-content\/uploads\/2015\/11\/S3020411.jpg\" alt=\"\" title=\"\" \/> <\/div> <div class=\"cycloneslider-slide cycloneslider-slide-image\" > <img src=\"https:\/\/www.ginursa.com.mx\/wp-content\/uploads\/2015\/11\/IMG_1732.jpg\" alt=\"\" title=\"\" \/> <\/div> <div class=\"cycloneslider-slide cycloneslider-slide-image\" > <img src=\"https:\/\/www.ginursa.com.mx\/wp-content\/uploads\/2015\/11\/042-2.jpg\" alt=\"\" title=\"\" \/> <\/div> <div class=\"cycloneslider-slide cycloneslider-slide-image\" > <img src=\"https:\/\/www.ginursa.com.mx\/wp-content\/uploads\/2015\/11\/IMG_1783.jpg\" alt=\"\" title=\"\" \/> <\/div> <div class=\"cycloneslider-slide cycloneslider-slide-image\" > <img src=\"https:\/\/www.ginursa.com.mx\/wp-content\/uploads\/2018\/03\/20151105_172408.jpg\" alt=\"\" title=\"\" \/> <\/div> <\/div> <a href=\"#\" class=\"cycloneslider-prev\"> <span class=\"arrow\"><\/span> <\/a> <a href=\"#\" class=\"cycloneslider-next\"> <span class=\"arrow\"><\/span> <\/a> <\/div>\n<h3 style=\"text-align: center;\">GRUPO EMPRESARIAL<\/h3>\n<h4>El Grupo Empresarial Ginursa tiene a su disposici\u00f3n, una gama de servicios de alta calidad, especializados principalmente en el ramo de la Obra el\u00e9ctrica, instrumentaci\u00f3n, sistemas de recubrimientos anticorrosivos, sistemas contra incendio, Telecomunicaciones, civil y Tuber\u00edas. Nos hemos caracterizado por ofrecer a nuestros clientes, confiabilidad, alta calidad en nuestros productos y servicios, logrando as\u00ed consolidarnos firmemente en el \u00e1mbito industrial.<\/h4>\n<h4><div class=\"row\"><\/h4>\n<div class=\"col-md-6  \">\n<h2>Construimos tus ideas<\/h2>\n<table border=\"0\" width=\"513\" cellspacing=\"0\" cellpadding=\"1\" align=\"center\">\n<tbody>\n<tr>\n<td width=\"178\">\n<h5 style=\"text-align: left;\">Para nosotros, nuestros clientes son lo mas importante; es por ello que somos competitivos en las disciplinas:<\/h5>\n<\/td>\n<td width=\"242\">\n<ul>\n<li>\n<h5><a href=\"http:\/\/www.ginursa.com.mx\/?page_id=46\"><strong>El\u00e9ctrico<\/strong><\/a><\/h5>\n<\/li>\n<li>\n<h5><a href=\"http:\/\/www.ginursa.com.mx\/?page_id=46\"><strong>Instrumentaci\u00f3n<\/strong><\/a><\/h5>\n<\/li>\n<li>\n<h5><a href=\"http:\/\/www.ginursa.com.mx\/?page_id=46\"><strong>Sistemas contra incendios<\/strong><\/a><\/h5>\n<\/li>\n<li>\n<h5><a href=\"http:\/\/www.ginursa.com.mx\/?page_id=46\"><strong>Recubrimientos anticorrosivos<\/strong><\/a><\/h5>\n<\/li>\n<li>\n<h5><a href=\"http:\/\/www.ginursa.com.mx\/?page_id=46\"><strong>Civil<\/strong><\/a><\/h5>\n<\/li>\n<li>\n<h5><a href=\"http:\/\/www.ginursa.com.mx\/?page_id=46\"><strong>Telecomunicaciones<\/strong><\/a><\/h5>\n<\/li>\n<li>\n<h5><a href=\"http:\/\/www.ginursa.com.mx\/?page_id=46\"><strong>Tuber\u00edas<\/strong><\/a><\/h5>\n<\/li>\n<\/ul>\n<\/td>\n<\/tr>\n<\/tbody>\n<\/table>\n<\/div>\n<div class=\"col-md-6  \">\n<h2 style=\"text-align: center;\">\u00a0Tecnolog\u00eda en movimiento<\/h2>\n<table style=\"height: 216px;\" border=\"0\" width=\"585\" cellspacing=\"0\" cellpadding=\"1\" align=\"center\">\n<tbody>\n<tr>\n<td width=\"178\">\n<h5 style=\"text-align: left;\">Presentamos nuestro nuevo<br \/>\nLaboratorio de calibraci\u00f3n<br \/>\nInstrumentaci\u00f3n Industrial<br \/>\nPruebas El\u00e9ctricas de Laboratorio<\/h5>\n<\/td>\n<td width=\"242\"><div tabindex=\"0\" class=\"cycloneslider cycloneslider-template-standard cycloneslider-width-responsive\" id=\"cycloneslider-lab-2\" style=\"max-width:400px\" > <div class=\"cycloneslider-slides cycle-slideshow\" data-cycle-allow-wrap=\"true\" data-cycle-dynamic-height=\"off\" data-cycle-auto-height=\"400:250\" data-cycle-auto-height-easing=\"null\" data-cycle-auto-height-speed=\"250\" data-cycle-delay=\"0\" data-cycle-easing=\"\" data-cycle-fx=\"fadeout\" data-cycle-hide-non-active=\"true\" data-cycle-log=\"false\" data-cycle-next=\"#cycloneslider-lab-2 .cycloneslider-next\" data-cycle-pager=\"#cycloneslider-lab-2 .cycloneslider-pager\" data-cycle-pause-on-hover=\"true\" data-cycle-prev=\"#cycloneslider-lab-2 .cycloneslider-prev\" data-cycle-slides=\"&gt; div\" data-cycle-speed=\"1000\" data-cycle-swipe=\"false\" data-cycle-tile-count=\"7\" data-cycle-tile-delay=\"100\" data-cycle-tile-vertical=\"true\" data-cycle-timeout=\"4000\" > <div class=\"cycloneslider-slide cycloneslider-slide-image\" > <img src=\"https:\/\/www.ginursa.com.mx\/wp-content\/uploads\/2015\/12\/slide62-400x250.jpg\" alt=\"\" title=\"\" \/> <\/div> <div class=\"cycloneslider-slide cycloneslider-slide-image\" > <img src=\"https:\/\/www.ginursa.com.mx\/wp-content\/uploads\/2015\/11\/12_mo-400x250.jpg\" alt=\"\" title=\"\" \/> <\/div> <div class=\"cycloneslider-slide cycloneslider-slide-image\" > <img src=\"https:\/\/www.ginursa.com.mx\/wp-content\/uploads\/2015\/10\/6-400x250.jpg\" alt=\"\" title=\"\" \/> <\/div> <div class=\"cycloneslider-slide cycloneslider-slide-image\" > <img src=\"https:\/\/www.ginursa.com.mx\/wp-content\/uploads\/2015\/12\/slide63-400x250.jpg\" alt=\"\" title=\"\" \/> <\/div> <div class=\"cycloneslider-slide cycloneslider-slide-image\" > <img src=\"https:\/\/www.ginursa.com.mx\/wp-content\/uploads\/2015\/12\/slide64-400x250.jpg\" alt=\"\" title=\"\" \/> <\/div> <\/div> <\/div><\/td>\n<\/tr>\n<\/tbody>\n<\/table>\n<p>&nbsp;<\/p>\n<\/div>\n<\/div>\n<h6><\/h6>\n<h2 style=\"text-align: center;\">Nuestros clientes<\/h2>\n<h4>Experiencia como subcontratista para trabajos directos con empresas privadas Nacionales e Internacionales.<\/h4>\n<div tabindex=\"0\" class=\"cycloneslider cycloneslider-template-standard cycloneslider-width-responsive\" id=\"cycloneslider-clientes-3\" style=\"max-width:960px\" > <div class=\"cycloneslider-slides cycle-slideshow\" data-cycle-allow-wrap=\"true\" data-cycle-dynamic-height=\"off\" data-cycle-auto-height=\"960:300\" data-cycle-auto-height-easing=\"null\" data-cycle-auto-height-speed=\"250\" data-cycle-delay=\"0\" data-cycle-easing=\"\" data-cycle-fx=\"fade\" data-cycle-hide-non-active=\"true\" data-cycle-log=\"false\" data-cycle-next=\"#cycloneslider-clientes-3 .cycloneslider-next\" data-cycle-pager=\"#cycloneslider-clientes-3 .cycloneslider-pager\" data-cycle-pause-on-hover=\"true\" data-cycle-prev=\"#cycloneslider-clientes-3 .cycloneslider-prev\" data-cycle-slides=\"&gt; div\" data-cycle-speed=\"1000\" data-cycle-swipe=\"false\" data-cycle-tile-count=\"7\" data-cycle-tile-delay=\"100\" data-cycle-tile-vertical=\"true\" data-cycle-timeout=\"500\" > <div class=\"cycloneslider-slide cycloneslider-slide-image\" > <img src=\"https:\/\/www.ginursa.com.mx\/wp-content\/uploads\/2018\/03\/Clientes-2-960x300.jpg\" alt=\"\" title=\"\" \/> <\/div> <div class=\"cycloneslider-slide cycloneslider-slide-image\" > <img src=\"https:\/\/www.ginursa.com.mx\/wp-content\/uploads\/2018\/05\/Clientes-1-2-960x300.png\" alt=\"\" title=\"\" \/> <\/div> <\/div> <\/div>\n","protected":false},"excerpt":{"rendered":"<p>GRUPO EMPRESARIAL El Grupo Empresarial Ginursa tiene a su disposici\u00f3n, una gama de servicios de alta calidad, especializados principalmente en el ramo de la Obra el\u00e9ctrica, instrumentaci\u00f3n, sistemas de recubrimientos anticorrosivos, sistemas contra incendio, Telecomunicaciones, civil y Tuber\u00edas. Nos hemos &hellip; <a class=\"kt-excerpt-readmore\" href=\"https:\/\/www.ginursa.com.mx\/\" aria-label=\"Inicio\">Read More<\/a><\/p>\n","protected":false},"author":2,"featured_media":0,"parent":0,"menu_order":0,"comment_status":"open","ping_status":"closed","template":"page-fullwidth.php","meta":[],"_links":{"self":[{"href":"https:\/\/www.ginursa.com.mx\/index.php?rest_route=\/wp\/v2\/pages\/2"}],"collection":[{"href":"https:\/\/www.ginursa.com.mx\/index.php?rest_route=\/wp\/v2\/pages"}],"about":[{"href":"https:\/\/www.ginursa.com.mx\/index.php?rest_route=\/wp\/v2\/types\/page"}],"author":[{"embeddable":true,"href":"https:\/\/www.ginursa.com.mx\/index.php?rest_route=\/wp\/v2\/users\/2"}],"replies":[{"embeddable":true,"href":"https:\/\/www.ginursa.com.mx\/index.php?rest_route=%2Fwp%2Fv2%2Fcomments&post=2"}],"version-history":[{"count":0,"href":"https:\/\/www.ginursa.com.mx\/index.php?rest_route=\/wp\/v2\/pages\/2\/revisions"}],"wp:attachment":[{"href":"https:\/\/www.ginursa.com.mx\/index.php?rest_route=%2Fwp%2Fv2%2Fmedia&parent=2"}],"curies":[{"name":"wp","href":"https:\/\/api.w.org\/{rel}","templated":true}]}}